14 is divided by 3 - (l - -3) - -6?
6
Let h = 48 - 15. Calculate the remainder when h is divided by 17.
16
Let l be 2*-4 - (-2 + 3). Let c = 11 + l. What is the remainder when 4 is divided by c?
0
Let i(v) = 3*v**3 - 5*v**2 + v + 5. What is the remainder when i(3) is divided by 15?
14
Let n = 6 - 0. What is the remainder when (-117)/(-4) - (-27)/(-108) is divided by n?
5
Let i = -4 - -17. Let v = 44 - 20. Calculate the remainder when v is divided by i.
11
Let d = -75 - -90. What is the remainder when d is divided by 4?
3
Let l = -152 - -233. Calculate the remainder when l is divided by 21.
18
Let j(o) = 4*o - 2. Calculate the remainder when 14 is divided by j(2).
2
Calculate the remainder when (-1 - 1)/(-4) - 1840/(-32) is divided by 15.
13
Let o(z) = 6*z + 46. Calculate the remainder when 35 is divided by o(-6).
5
Suppose 9 = 5*b - 1. Calculate the remainder when b/2 - 3 - -13 is divided by 7.
4
Suppose 5*p + 2*y + 91 = -21, 0 = y - 4. Calculate the remainder when 9 - 7 - p/2 is divided by 4.
2
Let u = 10 - -8. Suppose -4*s + t = -62 + 12, -s = -3*t - u. Calculate the remainder when 35 is divided by s.
11
Suppose 5 = -5*r, g + 3*g = -5*r + 179. What is the remainder when 181 is divided by g?
43
Let n(w) = -w - 7. Let z = -30 + 17. What is the remainder when 10 is divided by n(z)?
4
Suppose 2*m = -m + 42. What is the remainder when 26 is divided by m?
12
Suppose -h + 1 = -8. Calculate the remainder when h is divided by 4.
1
Let g(b) be the second derivative of b**4/12 + 7*b**3/3 - 19*b**2/2 + 7*b. What is the remainder when 38 is divided by g(-16)?
12
Suppose 2*z - 3*z = 3*s - 2, 3*z - 4*s - 6 = 0. Let m(g) = -2 + 3 + 0*g - z*g. What is the remainder when 21 is divided by m(-5)?
10
Suppose 0 = 6*k + 8*k - 350. Let t = 7 - -2. What is the remainder when k is divided by t?
7
Suppose 15 = -5*u - 10, -4*j + 5*u + 85 = 0. Calculate the remainder when 44 is divided by j.
14
Suppose 25*h - 20*h = 80. Calculate the remainder when 45 is divided by h.
13
Suppose -52 = -2*a - a + 2*h, -2*a + 4*h + 48 = 0. Calculate the remainder when 69 is divided by a.
13
Let k = 157 - 109. What is the remainder when 140 is divided by k?
44
Suppose 3*j - 74 = 202. Calculate the remainder when j is divided by 16.
12
Let f(i) be the first derivative of -i**3/3 + 6*i**2 + 5*i - 3. Let w = 20 - 14. What is the remainder when f(11) is divided by w?
4
Let o(a) = 3*a**2 - 4*a - 6. Let t = -2 + 7. What is the remainder when o(t) is divided by 17?
15
Suppose w + 0*w = 5*m - 145, -3*m + 110 = 4*w. Calculate the remainder when m is divided by 16.
14
Suppose 0 = 5*z - 3*z - 30. Calculate the remainder when z is divided by ((-9)/(-4))/(2/8).
6
Suppose 5*b = 5*k + 60, -b - 2*k + 7 = -11. Calculate the remainder when b is divided by 9.
5
Calculate the remainder when 80 is divided by (4/3)/(744/(-126) - -6).
10
Suppose 0*x = -5*x + 25. Calculate the remainder when -17 + 13 - (2 - 18) is divided by x.
2
Suppose 0 = 2*d, -5*d - 165 = -5*u - d. What is the remainder when u is divided by 5?
3
Suppose 2*s = -8, -5*s + 36 = 4*i - 4*s. Let y = 85 - 67. Calculate the remainder when y is divided by i.
8
Suppose 8 = -2*t + 3*t. Let c(r) = -r**3 + 8*r**2 + 9*r + 22. What is the remainder when c(9) is divided by t?
6
Suppose -x - 54 = -d, -3*d - 2*x - 161 = -6*d. What is the remainder when d is divided by 28?
25
Let l(a) = -a**2 + a. Let f be l(4). Let u = 22 + f. Let i = 17 - -12. Calculate the remainder when i is divided by u.
9
Let y = -4 - -7. Let b(o) = o - 2. Let j(h) = -h**3 - 6*h**2 + 6*h - 6. Calculate the remainder when j(-7) is divided by b(y).
0
Let f be 4 + 1 + 6/(-2). Suppose 3*p = -f*p + 40. What is the remainder when 23 is divided by p?
7
Let d = 3 - 0. Suppose 0 = 5*j + m - 84, d*m + 70 = 4*j + m. Calculate the remainder when j is divided by ((-9)/2)/((-6)/8).
5
Let b(n) = -2*n + 2. Suppose -v - 74 = -4*m - m, 4*m = -3*v + 63. What is the remainder when m is divided by b(-2)?
3
Calculate the remainder when 41 + 8/2 - -1 is divided by 7.
4
Suppose -6*k = k - 595. Calculate the remainder when k is divided by 43.
42
Suppose -2*z + 9 = -3*z. Let n = 1 - z. What is the remainder when 17 is divided by n?
7
Suppose -4*j + 3*j + 50 = 0. Suppose 3*y = 2*n - 20, 0 = -4*y + 4 + 4. Calculate the remainder when j is divided by n.
11
Suppose -31 = -3*p - 7. Calculate the remainder when 30 is divided by p.
6
Let u = -161 + 172. What is the remainder when 38 is divided by u?
5
Suppose 11*z + 115 = 16*z. Calculate the remainder when 112 is divided by z.
20
Let g = 11 - -2. Suppose -7 = 3*t - 2*t. Let w = t + g. What is the remainder when 16 is divided by w?
4
Suppose 4*n - 5*z - 37 = 10, -3*z - 9 = 0. Suppose -4*l = 5*b - 51, 2*b + 3*l - n = b. What is the remainder when 32 is divided by b?
10
Suppose 5*x + 4*v - 18 = 0, 3*v = 4*x - 2*v - 39. What is the remainder when 78 is divided by ((-4)/x)/(1/(-30))?
18
Suppose 4*r - 248 = 2*u, 4*u + 196 = 3*r - 0*u. Calculate the remainder when r is divided by 21.
18
Let y(b) = b**2 + 11*b + 12. What is the remainder when y(8) is divided by 42?
38
Let m = 8 + 6. Calculate the remainder when 37 is divided by m.
9
Let w(b) = 3*b + 3. Let r be (-17)/(-5) + 6/(-15). Suppose 4*f + 68 = 6*f. Calculate the remainder when f is divided by w(r).
10
Let k(h) = 2*h - 2. What is the remainder when 4 is divided by k(2)?
0
What is the remainder when (-1)/(8/(-172))*2 is divided by 11?
10
Let p(i) = -5*i**3 - 2*i**2 - 2*i - 1. Suppose -60 = -4*l - 8. What is the remainder when l is divided by p(-1)?
1
Let b(g) = -g**3 - 11*g**2 - 12*g - 9. Let c be (-2)/(-5) - 72/(-20). Suppose c*u - 31 = 53. Calculate the remainder when u is divided by b(-10).
10
Let l be (-47)/(-9) - (-10)/(-45). Suppose 5*u = 2*p - 13, -3*p + 4*u + l = -2*p. Let v(m) = 16*m**2 - m. What is the remainder when v(-1) is divided by p?
8
Let s(z) = 3 + 0 - z**2 - 3*z + 13*z. What is the remainder when s(8) is divided by 10?
9
Let b(u) = 2*u + 5. Let p = 13 + -5. What is the remainder when 61 is divided by b(p)?
19
Let q be (1 - 0)*(-27)/(-9). Calculate the remainder when (-4 + 1)/q - -35 is divided by 9.
7
Suppose -3*r + 15 = 0, 3*m + r + 9 = 47. Calculate the remainder when m is divided by 6.
5
Suppose z - 2*z = 0. Let a = z - -2. Suppose -a*v - 4*l + 7 = -51, -l + 92 = 3*v. What is the remainder when v is divided by 11?
9
Let o(h) = 1 - 3 + 2 + 9*h**2 - 2*h. What is the remainder when o(-2) is divided by 21?
19
Let f = 5 + 0. Let c(r) = -r + 28. Let g be c(0). Calculate the remainder when 9/(-3)*g/(-6) is divided by f.
4
Let o(s) = -s**2 - 12*s - 4. Calculate the remainder when 46 is divided by o(-10).
14
What is the remainder when 49 is divided by (0 + -2)/1 + 27?
24
Let b(r) = -5*r - 25. Calculate the remainder when 129 is divided by b(-12).
24
Suppose 0*i = h - 3*i - 24, -20 = 4*i. Let r be ((-12)/(-8))/(h/42). Suppose 5*f - r*f + 44 = 0. What is the remainder when f is divided by 8?
6
Suppose 4*b - u - 158 = -10, 5*b - 174 = 4*u. Calculate the remainder when b is divided by 21.
17
Suppose -30 = -5*s + 20. Suppose -2 = 4*m - s. What is the remainder when 6 is divided by m?
0
Let y(z) = 9*z + 1. Let v be y(5). Suppose 2*w = r + 3*w - 13, v = 4*r + 2*w. What is the remainder when 37 is divided by r?
7
Suppose 5*a - 77 = 2*a + i, 0 = 4*a + 4*i - 76. Let c = -164 - -235. What is the remainder when c is divided by a?
23
Let g = -8 - -3. Let j = -3 - g. What is the remainder when j is divided by 2?
0
Suppose 0 = -36*a + 34*a + 58. What is the remainder when a is divided by 10?
9
Let q(u) = -u + 1. Let v be q(-3). Suppose -v*x = -38 - 134. Calculate the remainder when x is divided by 22.
21
Let k = 93 + -86. Let f(h) = -h**2 - h + 1. Let q be f(-4). Let l = q + 30. Calculate the remainder when l is divided by k.
5
Suppose 4*y + y = 230. Let k = 24 - 55. Let u = k + y. What is the remainder when 44 is divided by u?
14
Calculate the remainder when 28 is divided by (1 - -4)*-4*2/(-4).
8
Suppose v - 5 = -2. Let u(h) = h**2 - h**3 - v*h**2 - 3*h - 4 - 3*h**2. What is the remainder when u(-5) is divided by 6?
5
Let k(j) = -5*j - 7. What is the remainder when k(-3) is divided by 6?
2
Calculate the remainder when 172 is divided by (-13)/26 + (-142)/(-4).
32
Let u be 18/4 + 3/(-6). Suppose 0 = -2*t + c + 9, -u*t + 